{"id":2316,"date":"2025-03-24T15:33:13","date_gmt":"2025-03-24T14:33:13","guid":{"rendered":"https:\/\/www.bigbangballers.fr\/?page_id=2316"},"modified":"2025-10-13T09:39:51","modified_gmt":"2025-10-13T07:39:51","slug":"documents-ressources","status":"publish","type":"page","link":"https:\/\/www.bigbangballers.fr\/index.php\/documents-ressources\/","title":{"rendered":"Documents ressources"},"content":{"rendered":"\t\t<div data-elementor-type=\"wp-page\" data-elementor-id=\"2316\" class=\"elementor elementor-2316\" data-elementor-post-type=\"page\">\n\t\t\t\t\t\t<section class=\"elementor-section elementor-top-section elementor-element elementor-element-ea389ca elementor-section-boxed elementor-section-height-default elementor-section-height-default\" data-id=\"ea389ca\" data-element_type=\"section\" data-e-type=\"section\" data-settings=\"{&quot;background_background&quot;:&quot;classic&quot;}\">\n\t\t\t\t\t\t\t<div class=\"elementor-background-overlay\"><\/div>\n\t\t\t\t\t\t\t<div class=\"elementor-container elementor-column-gap-no\">\n\t\t\t\t\t<div class=\"elementor-column elementor-col-100 elementor-top-column elementor-element elementor-element-1e02edf\" data-id=\"1e02edf\" data-element_type=\"column\" data-e-type=\"column\">\n\t\t\t<div class=\"elementor-widget-wrap elementor-element-populated\">\n\t\t\t\t\t\t<section class=\"elementor-section elementor-inner-section elementor-element elementor-element-04fc87e elementor-section-full_width elementor-section-height-default elementor-section-height-default\" data-id=\"04fc87e\" data-element_type=\"section\" data-e-type=\"section\">\n\t\t\t\t\t\t<div class=\"elementor-container elementor-column-gap-no\">\n\t\t\t\t\t<div class=\"elementor-column elementor-col-50 elementor-inner-column elementor-element elementor-element-233c967\" data-id=\"233c967\" data-element_type=\"column\" data-e-type=\"column\">\n\t\t\t<div class=\"elementor-widget-wrap elementor-element-populated\">\n\t\t\t\t\t\t<div class=\"elementor-element elementor-element-ff0eb3b elementor-align-start elementor-icon-list--layout-traditional elementor-list-item-link-full_width elementor-widget elementor-widget-icon-list\" data-id=\"ff0eb3b\" data-element_type=\"widget\" data-e-type=\"widget\" data-widget_type=\"icon-list.default\">\n\t\t\t\t<div class=\"elementor-widget-container\">\n\t\t\t\t\t\t\t<ul class=\"elementor-icon-list-items\">\n\t\t\t\t\t\t\t<li class=\"elementor-icon-list-item\">\n\t\t\t\t\t\t\t\t\t\t\t<span class=\"elementor-icon-list-icon\">\n\t\t\t\t\t\t\t<svg xmlns=\"http:\/\/www.w3.org\/2000\/svg\" id=\"Calque_2\" viewBox=\"0 0 477.84 477.44\"><defs><style>.cls-1{fill:#fff;}<\/style><\/defs><g id=\"Calque_1-2\"><g><path class=\"cls-1\" d=\"M223.04,0c10.58,0,21.15,0,31.73,0,1.35,.3,2.68,.7,4.05,.89,8.15,1.08,16.4,1.64,24.44,3.23,58.55,11.57,106.79,40.55,143.55,87.54,41.58,53.17,57.38,113.83,48.75,180.62-4.56,35.28-16.51,68.27-36.87,97.5-56.6,81.27-134.76,117.06-233.01,105.58-56.28-6.58-103.75-32.78-142.31-74.39-31.6-34.1-51.56-74.18-59.64-120.04-1.52-8.66-2.51-17.42-3.74-26.14,0-10.58,0-21.15,0-31.73,.71-5.81,1.29-11.64,2.16-17.43C10.61,149.57,35.25,101.93,76.85,63.39,111.07,31.69,151.27,11.67,197.31,3.68,205.85,2.2,214.47,1.22,223.04,0Zm14.3,461.53c19.83,1.6,58.24-5.38,81.14-14.53,54.06-21.61,94.41-58.15,120.55-110.3,1.71-3.41,1.55-5.23-1.33-7.8-18.27-16.31-34.71-34.3-48.73-54.42-15.24-21.87-26.66-45.46-32.04-71.72-1.33-6.48-2.06-13.08-3.26-20.89-24.5,3.85-48.75,7.67-73.33,11.54,10.69,94.2-8.09,182.44-43.01,268.12Zm-17.22-.67c35.18-84.13,54.42-170.66,44.28-262.53-1.8,.36-3.02,.51-4.18,.85-15.17,4.4-30.35,8.76-45.49,13.28-8.89,2.65-8.83,2.77-8.6,11.77,.84,32.23-6.87,62.73-19.02,92.25-15.94,38.75-38.36,73.71-63.42,107.08-.98,1.3-1.84,2.68-2.86,4.16,30.66,19.04,63.42,29.94,99.28,33.13ZM77.79,84.87C27.81,140,8.33,203.8,19.37,277.91c54.9-29.08,110.75-53.53,168.33-74.14-3.44-18.78-10.41-35.37-20.79-50.52-22.14-32.3-53.75-52.29-89.12-68.38Zm111.73,136.05c-1.36,.46-2.08,.67-2.78,.94-20.92,8.2-42.17,15.64-62.67,24.78-32.84,14.64-65.17,30.43-97.74,45.66-2.56,1.2-3.41,2.39-2.3,5.33,2.12,5.64,3.5,11.56,5.56,17.23,10.49,28.82,26.18,54.55,47.38,76.68,9.27,9.68,19.68,18.26,30.08,27.8,9.79-13.91,19.16-26.48,27.75-39.57,22.42-34.14,41.31-69.98,50.5-110.21,3.61-15.79,5.42-31.76,4.22-48.65ZM215.75,17.07c32.59,49.7,53.01,102.98,62.19,159.85,25.66-3.82,50.48-7.53,75.94-11.32,1.15-16.12,4.33-32.5,10.05-48.34,5.71-15.81,13.63-30.47,23.69-44.46-49.49-42.27-106.08-60.99-171.87-55.74Zm-12.5,180.99c19.84-5.69,39.27-11.26,58.92-16.89-1.32-7.37-2.39-14.72-3.97-21.97-10.64-48.86-29.67-94.18-57.56-135.75-1.71-2.54-3.22-3.56-6.33-2.89-34.09,7.26-64.96,21.42-92.47,42.85-3.72,2.9-7.25,6.03-11.27,9.39,54.88,26.74,98.42,62.59,112.68,125.26Zm244.51,118.33c7.49-20.08,11.81-40.31,13.34-61.14,1.48-20.11,.13-40.03-3.68-59.82-.58-3.03-1.56-4.64-4.76-5.16-7.38-1.2-23.11-5.02-39.06-6.63-18.41-1.85-37.11-1.42-43.61-1.42,5.76,56.5,38.4,96.96,77.77,134.18Zm4.03-143.25c-10.87-34.12-28.15-63.3-52.59-88.69-17.36,24.55-27.17,51.12-29.29,81.09,0,0,12.69-1.37,38.9,.61s42.97,6.99,42.97,6.99Z\"><\/path><path class=\"cls-1\" d=\"M162.31,402.13c.84,.14,2.11,.2,3.27,.58,7.94,2.6,15.88,5.18,23.76,7.95,5.24,1.84,7.35,5.94,5.73,10.47-1.52,4.28-5.74,6.3-10.64,4.76-8.27-2.6-16.52-5.26-24.68-8.15-4.42-1.57-6.65-5.55-5.58-9.52,1.03-3.83,3.6-6.05,8.14-6.1Z\"><\/path><path class=\"cls-1\" d=\"M42.86,199.4c2.07-32.09,13.86-60.61,35.55-85.01,3.5-3.94,8.01-4.33,11.59-1.38,3.46,2.86,3.66,7.29,.72,11.63-6.58,9.74-13.88,19.11-19.43,29.41-8.34,15.49-11.61,32.58-12.54,50.11-.28,5.26-4.01,8.84-8.52,8.5-4.5-.33-7.37-3.85-7.37-9.06,0-1.24,0-2.48,0-4.22Z\"><\/path><path class=\"cls-1\" d=\"M118.55,373.71c-.03,8.69-6.64,12.13-12.75,8.49-12.19-7.25-22.42-16.67-30.46-28.37-7.1-10.33-12.09-21.61-14.76-33.9-1.36-6.26,.63-10.68,5.61-11.81,4.64-1.05,8.72,1.94,10.06,8,2.88,13,8.24,24.88,17.26,34.57,5.96,6.41,13.34,11.5,19.94,17.34,2.27,2.01,4.09,4.52,5.1,5.66Z\"><\/path><\/g><\/g><\/svg>\t\t\t\t\t\t<\/span>\n\t\t\t\t\t\t\t\t\t\t<span class=\"elementor-icon-list-text\">Volont\u00e9, cr\u00e9ativit\u00e9 et passion !<\/span>\n\t\t\t\t\t\t\t\t\t<\/li>\n\t\t\t\t\t\t<\/ul>\n\t\t\t\t\t\t<\/div>\n\t\t\t\t<\/div>\n\t\t\t\t<div class=\"elementor-element elementor-element-e62e647 elementor-widget elementor-widget-heading\" data-id=\"e62e647\" data-element_type=\"widget\" data-e-type=\"widget\" data-widget_type=\"heading.default\">\n\t\t\t\t<div class=\"elementor-widget-container\">\n\t\t\t\t\t<h2 class=\"elementor-heading-title elementor-size-default\"><span class=\"Big01\">Documents ressources <\/span><\/h2>\t\t\t\t<\/div>\n\t\t\t\t<\/div>\n\t\t\t\t<div class=\"elementor-element elementor-element-4dee12a elementor-widget-divider--separator-type-pattern elementor-widget-divider--view-line elementor-widget elementor-widget-divider\" data-id=\"4dee12a\" data-element_type=\"widget\" data-e-type=\"widget\" data-widget_type=\"divider.default\">\n\t\t\t\t<div class=\"elementor-widget-container\">\n\t\t\t\t\t\t\t<div class=\"elementor-divider\" style=\"--divider-pattern-url: url(&quot;data:image\/svg+xml,%3Csvg xmlns=&#039;http:\/\/www.w3.org\/2000\/svg&#039; preserveAspectRatio=&#039;none&#039; overflow=&#039;visible&#039; height=&#039;100%&#039; viewBox=&#039;0 0 20 16&#039; fill=&#039;none&#039; stroke=&#039;black&#039; stroke-width=&#039;1&#039; stroke-linecap=&#039;square&#039; stroke-miterlimit=&#039;10&#039;%3E%3Cg transform=&#039;translate(-12.000000, 0)&#039;%3E%3Cpath d=&#039;M28,0L10,18&#039;\/%3E%3Cpath d=&#039;M18,0L0,18&#039;\/%3E%3Cpath d=&#039;M48,0L30,18&#039;\/%3E%3Cpath d=&#039;M38,0L20,18&#039;\/%3E%3C\/g%3E%3C\/svg%3E&quot;);\">\n\t\t\t<span class=\"elementor-divider-separator\">\n\t\t\t\t\t\t<\/span>\n\t\t<\/div>\n\t\t\t\t\t\t<\/div>\n\t\t\t\t<\/div>\n\t\t\t\t<div class=\"elementor-element elementor-element-e549cc9 elementor-invisible elementor-widget elementor-widget-text-editor\" data-id=\"e549cc9\" data-element_type=\"widget\" data-e-type=\"widget\" data-settings=\"{&quot;_animation&quot;:&quot;fadeInDown&quot;}\" data-widget_type=\"text-editor.default\">\n\t\t\t\t<div class=\"elementor-widget-container\">\n\t\t\t\t\t\t\t\t\t<p><span style=\"font-weight: 400;\">L&rsquo;association Big Bang Ballers France compte sur une \u00e9quipe de <strong>salari\u00e9s, de volontaires et de b\u00e9n\u00e9voles<\/strong>, issus du monde du sport adapt\u00e9, de l\u2019animation et de l&rsquo;am\u00e9nagement du territoire. Des personnes <strong>positives et impliqu\u00e9es<\/strong> aupr\u00e8s des publics et des projets. <\/span>D\u00e9couvrez notre \u00e9quipe et n&rsquo;h\u00e9sitez pas \u00e0 passer la porte de nos bureaux \u00e0 la Bifurk ou passer une t\u00eate sur le Playground. Nous nous ferons toujours un plaisir de vous recevoir !<\/p>\t\t\t\t\t\t\t\t<\/div>\n\t\t\t\t<\/div>\n\t\t\t\t\t<\/div>\n\t\t<\/div>\n\t\t\t\t<div class=\"elementor-column elementor-col-50 elementor-inner-column elementor-element elementor-element-56c9e62\" data-id=\"56c9e62\" data-element_type=\"column\" data-e-type=\"column\">\n\t\t\t<div class=\"elementor-widget-wrap\">\n\t\t\t\t\t\t\t<\/div>\n\t\t<\/div>\n\t\t\t\t\t<\/div>\n\t\t<\/section>\n\t\t\t\t\t<\/div>\n\t\t<\/div>\n\t\t\t\t\t<\/div>\n\t\t<\/section>\n\t\t\t\t<section class=\"elementor-section elementor-top-section elementor-element elementor-element-563c779 elementor-section-boxed elementor-section-height-default elementor-section-height-default\" data-id=\"563c779\" data-element_type=\"section\" data-e-type=\"section\" data-settings=\"{&quot;background_background&quot;:&quot;classic&quot;}\">\n\t\t\t\t\t\t<div class=\"elementor-container elementor-column-gap-no\">\n\t\t\t\t\t<div class=\"elementor-column elementor-col-100 elementor-top-column elementor-element elementor-element-3c30b29\" data-id=\"3c30b29\" data-element_type=\"column\" data-e-type=\"column\">\n\t\t\t<div class=\"elementor-widget-wrap elementor-element-populated\">\n\t\t\t\t\t\t<section class=\"elementor-section elementor-inner-section elementor-element elementor-element-aeef878 elementor-section-full_width elementor-section-height-default elementor-section-height-default\" data-id=\"aeef878\" data-element_type=\"section\" data-e-type=\"section\">\n\t\t\t\t\t\t<div class=\"elementor-container elementor-column-gap-no\">\n\t\t\t\t\t<div class=\"elementor-column elementor-col-100 elementor-inner-column elementor-element elementor-element-2c438b7\" data-id=\"2c438b7\" data-element_type=\"column\" data-e-type=\"column\">\n\t\t\t<div class=\"elementor-widget-wrap elementor-element-populated\">\n\t\t\t\t\t\t<div class=\"elementor-element elementor-element-0aae312 elementor-align-start elementor-icon-list--layout-traditional elementor-list-item-link-full_width elementor-widget elementor-widget-icon-list\" data-id=\"0aae312\" data-element_type=\"widget\" data-e-type=\"widget\" data-widget_type=\"icon-list.default\">\n\t\t\t\t<div class=\"elementor-widget-container\">\n\t\t\t\t\t\t\t<ul class=\"elementor-icon-list-items\">\n\t\t\t\t\t\t\t<li class=\"elementor-icon-list-item\">\n\t\t\t\t\t\t\t\t\t\t\t<a href=\"https:\/\/www.bigbangballers.fr\/wp-content\/uploads\/2025\/03\/Protocole-de-lutte-contre-les-violences-et-les-discriminations-BBB.pdf\" target=\"_blank\">\n\n\t\t\t\t\t\t\t\t\t\t\t\t<span class=\"elementor-icon-list-icon\">\n\t\t\t\t\t\t\t<i aria-hidden=\"true\" class=\"fas fa-file-download\"><\/i>\t\t\t\t\t\t<\/span>\n\t\t\t\t\t\t\t\t\t\t<span class=\"elementor-icon-list-text\">Charte VSS<\/span>\n\t\t\t\t\t\t\t\t\t\t\t<\/a>\n\t\t\t\t\t\t\t\t\t<\/li>\n\t\t\t\t\t\t\t\t<li class=\"elementor-icon-list-item\">\n\t\t\t\t\t\t\t\t\t\t\t<a href=\"https:\/\/www.bigbangballers.fr\/wp-content\/uploads\/2025\/10\/Livret-InGames-BBB.pdf\" target=\"_blank\">\n\n\t\t\t\t\t\t\t\t\t\t\t\t<span class=\"elementor-icon-list-icon\">\n\t\t\t\t\t\t\t<i aria-hidden=\"true\" class=\"fas fa-file-download\"><\/i>\t\t\t\t\t\t<\/span>\n\t\t\t\t\t\t\t\t\t\t<span class=\"elementor-icon-list-text\">Livret In'games<\/span>\n\t\t\t\t\t\t\t\t\t\t\t<\/a>\n\t\t\t\t\t\t\t\t\t<\/li>\n\t\t\t\t\t\t\t\t<li class=\"elementor-icon-list-item\">\n\t\t\t\t\t\t\t\t\t\t\t<span class=\"elementor-icon-list-icon\">\n\t\t\t\t\t\t\t<i aria-hidden=\"true\" class=\"fas fa-file-download\"><\/i>\t\t\t\t\t\t<\/span>\n\t\t\t\t\t\t\t\t\t\t<span class=\"elementor-icon-list-text\">Livret Rebonds crois\u00e9s (arrive bient\u00f4t)<\/span>\n\t\t\t\t\t\t\t\t\t<\/li>\n\t\t\t\t\t\t<\/ul>\n\t\t\t\t\t\t<\/div>\n\t\t\t\t<\/div>\n\t\t\t\t\t<\/div>\n\t\t<\/div>\n\t\t\t\t\t<\/div>\n\t\t<\/section>\n\t\t\t\t\t<\/div>\n\t\t<\/div>\n\t\t\t\t\t<\/div>\n\t\t<\/section>\n\t\t\t\t<\/div>\n\t\t","protected":false},"excerpt":{"rendered":"<p>Volont\u00e9, cr\u00e9ativit\u00e9 et passion ! Documents ressources L&rsquo;association Big Bang Ballers France compte sur une \u00e9quipe de salari\u00e9s, de volontaires et de b\u00e9n\u00e9voles, issus du monde du sport adapt\u00e9, de l\u2019animation et de l&rsquo;am\u00e9nagement du territoire. Des personnes positives et impliqu\u00e9es aupr\u00e8s des publics et des projets. D\u00e9couvrez notre \u00e9quipe et n&rsquo;h\u00e9sitez pas \u00e0 passer [&hellip;]<\/p>\n","protected":false},"author":3,"featured_media":0,"parent":0,"menu_order":0,"comment_status":"closed","ping_status":"closed","template":"","meta":{"site-sidebar-layout":"no-sidebar","site-content-layout":"page-builder","ast-site-content-layout":"full-width-container","site-content-style":"default","site-sidebar-style":"default","ast-global-header-display":"","ast-banner-title-visibility":"","ast-main-header-display":"","ast-hfb-above-header-display":"","ast-hfb-below-header-display":"","ast-hfb-mobile-header-display":"","site-post-title":"disabled","ast-breadcrumbs-content":"","ast-featured-img":"disabled","footer-sml-layout":"","ast-disable-related-posts":"","theme-transparent-header-meta":"","adv-header-id-meta":"","stick-header-meta":"","header-above-stick-meta":"","header-main-stick-meta":"","header-below-stick-meta":"","astra-migrate-meta-layouts":"set","ast-page-background-enabled":"default","ast-page-background-meta":{"desktop":{"background-color":"var(--ast-global-color-4)","background-image":"","background-repeat":"repeat","background-position":"center center","background-size":"auto","background-attachment":"scroll","background-type":"","background-media":"","overlay-type":"","overlay-color":"","overlay-opacity":"","overlay-gradient":""},"tablet":{"background-color":"","background-image":"","background-repeat":"repeat","background-position":"center center","background-size":"auto","background-attachment":"scroll","background-type":"","background-media":"","overlay-type":"","overlay-color":"","overlay-opacity":"","overlay-gradient":""},"mobile":{"background-color":"","background-image":"","background-repeat":"repeat","background-position":"center center","background-size":"auto","background-attachment":"scroll","background-type":"","background-media":"","overlay-type":"","overlay-color":"","overlay-opacity":"","overlay-gradient":""}},"ast-content-background-meta":{"desktop":{"background-color":"var(--ast-global-color-5)","background-image":"","background-repeat":"repeat","background-position":"center center","background-size":"auto","background-attachment":"scroll","background-type":"","background-media":"","overlay-type":"","overlay-color":"","overlay-opacity":"","overlay-gradient":""},"tablet":{"background-color":"var(--ast-global-color-5)","background-image":"","background-repeat":"repeat","background-position":"center center","background-size":"auto","background-attachment":"scroll","background-type":"","background-media":"","overlay-type":"","overlay-color":"","overlay-opacity":"","overlay-gradient":""},"mobile":{"background-color":"var(--ast-global-color-5)","background-image":"","background-repeat":"repeat","background-position":"center center","background-size":"auto","background-attachment":"scroll","background-type":"","background-media":"","overlay-type":"","overlay-color":"","overlay-opacity":"","overlay-gradient":""}},"footnotes":""},"class_list":["post-2316","page","type-page","status-publish","hentry"],"yoast_head":"<!-- This site is optimized with the Yoast SEO plugin v27.5 - https:\/\/yoast.com\/product\/yoast-seo-wordpress\/ -->\n<title>Documents ressources - Big Bang Ballers<\/title>\n<meta name=\"robots\" content=\"index, follow, max-snippet:-1, max-image-preview:large, max-video-preview:-1\" \/>\n<link rel=\"canonical\" href=\"https:\/\/www.bigbangballers.fr\/index.php\/documents-ressources\/\" \/>\n<meta property=\"og:locale\" content=\"fr_FR\" \/>\n<meta property=\"og:type\" content=\"article\" \/>\n<meta property=\"og:title\" content=\"Documents ressources - Big Bang Ballers\" \/>\n<meta property=\"og:description\" content=\"Volont\u00e9, cr\u00e9ativit\u00e9 et passion ! Documents ressources L&rsquo;association Big Bang Ballers France compte sur une \u00e9quipe de salari\u00e9s, de volontaires et de b\u00e9n\u00e9voles, issus du monde du sport adapt\u00e9, de l\u2019animation et de l&rsquo;am\u00e9nagement du territoire. Des personnes positives et impliqu\u00e9es aupr\u00e8s des publics et des projets. D\u00e9couvrez notre \u00e9quipe et n&rsquo;h\u00e9sitez pas \u00e0 passer [&hellip;]\" \/>\n<meta property=\"og:url\" content=\"https:\/\/www.bigbangballers.fr\/index.php\/documents-ressources\/\" \/>\n<meta property=\"og:site_name\" content=\"Big Bang Ballers\" \/>\n<meta property=\"article:modified_time\" content=\"2025-10-13T07:39:51+00:00\" \/>\n<meta name=\"twitter:card\" content=\"summary_large_image\" \/>\n<meta name=\"twitter:label1\" content=\"Dur\u00e9e de lecture estim\u00e9e\" \/>\n\t<meta name=\"twitter:data1\" content=\"1 minute\" \/>\n<script type=\"application\/ld+json\" class=\"yoast-schema-graph\">{\"@context\":\"https:\\\/\\\/schema.org\",\"@graph\":[{\"@type\":\"WebPage\",\"@id\":\"https:\\\/\\\/www.bigbangballers.fr\\\/index.php\\\/documents-ressources\\\/\",\"url\":\"https:\\\/\\\/www.bigbangballers.fr\\\/index.php\\\/documents-ressources\\\/\",\"name\":\"Documents ressources - Big Bang Ballers\",\"isPartOf\":{\"@id\":\"https:\\\/\\\/www.bigbangballers.fr\\\/#website\"},\"datePublished\":\"2025-03-24T14:33:13+00:00\",\"dateModified\":\"2025-10-13T07:39:51+00:00\",\"breadcrumb\":{\"@id\":\"https:\\\/\\\/www.bigbangballers.fr\\\/index.php\\\/documents-ressources\\\/#breadcrumb\"},\"inLanguage\":\"fr-FR\",\"potentialAction\":[{\"@type\":\"ReadAction\",\"target\":[\"https:\\\/\\\/www.bigbangballers.fr\\\/index.php\\\/documents-ressources\\\/\"]}]},{\"@type\":\"BreadcrumbList\",\"@id\":\"https:\\\/\\\/www.bigbangballers.fr\\\/index.php\\\/documents-ressources\\\/#breadcrumb\",\"itemListElement\":[{\"@type\":\"ListItem\",\"position\":1,\"name\":\"Accueil\",\"item\":\"https:\\\/\\\/www.bigbangballers.fr\\\/\"},{\"@type\":\"ListItem\",\"position\":2,\"name\":\"Documents ressources\"}]},{\"@type\":\"WebSite\",\"@id\":\"https:\\\/\\\/www.bigbangballers.fr\\\/#website\",\"url\":\"https:\\\/\\\/www.bigbangballers.fr\\\/\",\"name\":\"Big Bang Ballers\",\"description\":\"Jouer ensemble pour vivre ensemble - Association d\u2019\u00e9ducation &amp; d\u2019inclusion par le sport\",\"publisher\":{\"@id\":\"https:\\\/\\\/www.bigbangballers.fr\\\/#organization\"},\"potentialAction\":[{\"@type\":\"SearchAction\",\"target\":{\"@type\":\"EntryPoint\",\"urlTemplate\":\"https:\\\/\\\/www.bigbangballers.fr\\\/?s={search_term_string}\"},\"query-input\":{\"@type\":\"PropertyValueSpecification\",\"valueRequired\":true,\"valueName\":\"search_term_string\"}}],\"inLanguage\":\"fr-FR\"},{\"@type\":\"Organization\",\"@id\":\"https:\\\/\\\/www.bigbangballers.fr\\\/#organization\",\"name\":\"Big Bang Ballers\",\"url\":\"https:\\\/\\\/www.bigbangballers.fr\\\/\",\"logo\":{\"@type\":\"ImageObject\",\"inLanguage\":\"fr-FR\",\"@id\":\"https:\\\/\\\/www.bigbangballers.fr\\\/#\\\/schema\\\/logo\\\/image\\\/\",\"url\":\"https:\\\/\\\/www.bigbangballers.fr\\\/wp-content\\\/uploads\\\/2025\\\/03\\\/Logo_BBB-FT_Bla.png\",\"contentUrl\":\"https:\\\/\\\/www.bigbangballers.fr\\\/wp-content\\\/uploads\\\/2025\\\/03\\\/Logo_BBB-FT_Bla.png\",\"width\":2000,\"height\":2000,\"caption\":\"Big Bang Ballers\"},\"image\":{\"@id\":\"https:\\\/\\\/www.bigbangballers.fr\\\/#\\\/schema\\\/logo\\\/image\\\/\"}}]}<\/script>\n<!-- \/ Yoast SEO plugin. -->","yoast_head_json":{"title":"Documents ressources - Big Bang Ballers","robots":{"index":"index","follow":"follow","max-snippet":"max-snippet:-1","max-image-preview":"max-image-preview:large","max-video-preview":"max-video-preview:-1"},"canonical":"https:\/\/www.bigbangballers.fr\/index.php\/documents-ressources\/","og_locale":"fr_FR","og_type":"article","og_title":"Documents ressources - Big Bang Ballers","og_description":"Volont\u00e9, cr\u00e9ativit\u00e9 et passion ! Documents ressources L&rsquo;association Big Bang Ballers France compte sur une \u00e9quipe de salari\u00e9s, de volontaires et de b\u00e9n\u00e9voles, issus du monde du sport adapt\u00e9, de l\u2019animation et de l&rsquo;am\u00e9nagement du territoire. Des personnes positives et impliqu\u00e9es aupr\u00e8s des publics et des projets. D\u00e9couvrez notre \u00e9quipe et n&rsquo;h\u00e9sitez pas \u00e0 passer [&hellip;]","og_url":"https:\/\/www.bigbangballers.fr\/index.php\/documents-ressources\/","og_site_name":"Big Bang Ballers","article_modified_time":"2025-10-13T07:39:51+00:00","twitter_card":"summary_large_image","twitter_misc":{"Dur\u00e9e de lecture estim\u00e9e":"1 minute"},"schema":{"@context":"https:\/\/schema.org","@graph":[{"@type":"WebPage","@id":"https:\/\/www.bigbangballers.fr\/index.php\/documents-ressources\/","url":"https:\/\/www.bigbangballers.fr\/index.php\/documents-ressources\/","name":"Documents ressources - Big Bang Ballers","isPartOf":{"@id":"https:\/\/www.bigbangballers.fr\/#website"},"datePublished":"2025-03-24T14:33:13+00:00","dateModified":"2025-10-13T07:39:51+00:00","breadcrumb":{"@id":"https:\/\/www.bigbangballers.fr\/index.php\/documents-ressources\/#breadcrumb"},"inLanguage":"fr-FR","potentialAction":[{"@type":"ReadAction","target":["https:\/\/www.bigbangballers.fr\/index.php\/documents-ressources\/"]}]},{"@type":"BreadcrumbList","@id":"https:\/\/www.bigbangballers.fr\/index.php\/documents-ressources\/#breadcrumb","itemListElement":[{"@type":"ListItem","position":1,"name":"Accueil","item":"https:\/\/www.bigbangballers.fr\/"},{"@type":"ListItem","position":2,"name":"Documents ressources"}]},{"@type":"WebSite","@id":"https:\/\/www.bigbangballers.fr\/#website","url":"https:\/\/www.bigbangballers.fr\/","name":"Big Bang Ballers","description":"Jouer ensemble pour vivre ensemble - Association d\u2019\u00e9ducation &amp; d\u2019inclusion par le sport","publisher":{"@id":"https:\/\/www.bigbangballers.fr\/#organization"},"potentialAction":[{"@type":"SearchAction","target":{"@type":"EntryPoint","urlTemplate":"https:\/\/www.bigbangballers.fr\/?s={search_term_string}"},"query-input":{"@type":"PropertyValueSpecification","valueRequired":true,"valueName":"search_term_string"}}],"inLanguage":"fr-FR"},{"@type":"Organization","@id":"https:\/\/www.bigbangballers.fr\/#organization","name":"Big Bang Ballers","url":"https:\/\/www.bigbangballers.fr\/","logo":{"@type":"ImageObject","inLanguage":"fr-FR","@id":"https:\/\/www.bigbangballers.fr\/#\/schema\/logo\/image\/","url":"https:\/\/www.bigbangballers.fr\/wp-content\/uploads\/2025\/03\/Logo_BBB-FT_Bla.png","contentUrl":"https:\/\/www.bigbangballers.fr\/wp-content\/uploads\/2025\/03\/Logo_BBB-FT_Bla.png","width":2000,"height":2000,"caption":"Big Bang Ballers"},"image":{"@id":"https:\/\/www.bigbangballers.fr\/#\/schema\/logo\/image\/"}}]}},"_links":{"self":[{"href":"https:\/\/www.bigbangballers.fr\/index.php\/wp-json\/wp\/v2\/pages\/2316","targetHints":{"allow":["GET"]}}],"collection":[{"href":"https:\/\/www.bigbangballers.fr\/index.php\/wp-json\/wp\/v2\/pages"}],"about":[{"href":"https:\/\/www.bigbangballers.fr\/index.php\/wp-json\/wp\/v2\/types\/page"}],"author":[{"embeddable":true,"href":"https:\/\/www.bigbangballers.fr\/index.php\/wp-json\/wp\/v2\/users\/3"}],"replies":[{"embeddable":true,"href":"https:\/\/www.bigbangballers.fr\/index.php\/wp-json\/wp\/v2\/comments?post=2316"}],"version-history":[{"count":0,"href":"https:\/\/www.bigbangballers.fr\/index.php\/wp-json\/wp\/v2\/pages\/2316\/revisions"}],"wp:attachment":[{"href":"https:\/\/www.bigbangballers.fr\/index.php\/wp-json\/wp\/v2\/media?parent=2316"}],"curies":[{"name":"wp","href":"https:\/\/api.w.org\/{rel}","templated":true}]}}